ainder when 25293 is divided by 8333?
294
Calculate the remainder when 16680 is divided by 5557.
9
What is the remainder when 204821 is divided by 17?
5
What is the remainder when 9810 is divided by 14?
10
Calculate the remainder when 1142 is divided by 1063.
79
Calculate the remainder when 614701 is divided by 746.
743
What is the remainder when 17557 is divided by 141?
73
What is the remainder when 1130 is divided by 67?
58
What is the remainder when 49589 is divided by 362?
357
Calculate the remainder when 5584 is divided by 20.
4
What is the remainder when 28854 is divided by 73?
19
What is the remainder when 4566 is divided by 2807?
1759
Calculate the remainder when 5782 is divided by 6.
4
What is the remainder when 89198 is divided by 8?
6
What is the remainder when 1704 is divided by 317?
119
Calculate the remainder when 29807 is divided by 27.
26
Calculate the remainder when 35716 is divided by 11898.
22
What is the remainder when 37550 is divided by 12?
2
Calculate the remainder when 4388 is divided by 489.
476
Calculate the remainder when 3100 is divided by 362.
204
Calculate the remainder when 28351 is divided by 30.
1
What is the remainder when 629 is divided by 290?
49
Calculate the remainder when 853 is divided by 4.
1
Calculate the remainder when 92111 is divided by 36.
23
Calculate the remainder when 293015 is divided by 418.
415
Calculate the remainder when 913 is divided by 18.
13
What is the remainder when 75877 is divided by 58?
13
Calculate the remainder when 795974 is divided by 571.
0
What is the remainder when 7816 is divided by 104?
16
Calculate the remainder when 17161 is divided by 781.
760
Calculate the remainder when 129793 is divided by 17.
15
What is the remainder when 176 is divided by 68?
40
Calculate the remainder when 381147 is divided by 190573.
1
Calculate the remainder when 28999 is divided by 5799.
4
Calculate the remainder when 29442 is divided by 433.
431
What is the remainder when 673 is divided by 641?
32
Calculate the remainder when 1235 is divided by 414.
407
Calculate the remainder when 1275 is divided by 380.
135
Calculate the remainder when 192117 is divided by 725.
717
Calculate the remainder when 78971 is divided by 20.
11
Calculate the remainder when 317374 is divided by 79343.
2
Calculate the remainder when 16125 is divided by 137.
96
Calculate the remainder when 456744 is divided by 255.
39
Calculate the remainder when 22849 is divided by 222.
205
What is the remainder when 937579 is divided by 35?
34
What is the remainder when 1507 is divided by 190?
177
Calculate the remainder when 4295 is divided by 698.
107
What is the remainder when 8506 is divided by 38?
32
Calculate the remainder when 42336 is divided by 116.
112
What is the remainder when 878 is divided by 849?
29
Calculate the remainder when 1062652 is divided by 128.
124
What is the remainder when 112619 is divided by 267?
212
Calculate the remainder when 68167 is divided by 2000.
167
What is the remainder when 11701 is divided by 5477?
747
What is the remainder when 12257 is divided by 55?
47
Calculate the remainder when 27022 is divided by 158.
4
Calculate the remainder when 88489 is divided by 22101.
85
Calculate the remainder when 8970 is divided by 20.
10
What is the remainder when 90 is divided by 5?
0
Calculate the remainder when 969 is divided by 599.
370
Calculate the remainder when 1680 is divided by 393.
108
What is the remainder when 204539 is divided by 15?
14
What is the remainder when 39404 is divided by 61?
59
What is the remainder when 64634 is divided by 21487?
173
Calculate the remainder when 29304 is divided by 7300.
104
What is the remainder when 14182 is divided by 52?
38
Calculate the remainder when 884910 is divided by 112.
110
Calculate the remainder when 10046518 is divided by 258.
256
Calculate the remainder when 2840 is divided by 273.
110
Calculate the remainder when 185269 is divided by 97.
96
Calculate the remainder when 1844991 is divided by 922492.
7
Calculate the remainder when 9107 is divided by 10.
7
What is the remainder when 2459 is divided by 501?
455
Calculate the remainder when 40592 is divided by 158.
144
What is the remainder when 735 is divided by 612?
123
What is the remainder when 720131 is divided by 194?
3
What is the remainder when 13353 is divided by 2057?
1011
Calculate the remainder when 3992803 is divided by 1752.
1747
Calculate the remainder when 7802 is divided by 62.
52
Calculate the remainder when 1677 is divided by 432.
381
Calculate the remainder when 18715 is divided by 508.
427
Calculate the remainder when 6228 is divided by 1245.
3
What is the remainder when 332261 is divided by 41?
38
Calculate the remainder when 83939 is divided by 20.
19
Calculate the remainder when 1013948 is divided by 192.
188
What is the remainder when 8175 is divided by 46?
33
What is the remainder when 2479 is divided by 318?
253
What is the remainder when 1792888 is divided by 13?
6
What is the remainder when 7898 is divided by 17?
10
What is the remainder when 19401 is divided by 99?
96
Calculate the remainder when 13770 is divided by 38.
14
What is the remainder when 85892 is divided by 547?
13
What is the remainder when 8961 is divided by 8942?
19
What is the remainder when 162791 is divided by 47?
30
What is the remainder when 1142744 is divided by 555?
554
Calculate the remainder when 785825 is divided by 149.
148
What is the remainder when 1708 is divided by 173?
151
Calculate the remainder when 17825 is divided by 8860.
105
Calculate the remainder when 11949 is divided by 478.
477
What is the remainder when 5396789 is divided by 93?
92
What is the remainder when 639 is divided by 421?
218
What is the remainder when 7851 is divided by 723?
621
What is the remainder when 5266 is divided by 5252?
14
Calculate the remainder when 1451 is divided by 36.
11
Calculate the remainder when 935448 is divided by 34.
6
What is the remainder when 189812 is divided by 31?
30
Calculate the remainder when 47982 is divided by 15885.
327
Calculate the remainder when 38147 is divided by 19069.
9
What is the remainder when 17085 is divided by 33?
24
What is the remainder when 15924 is divided by 15901?
23
What is the remainder when 17218 is divided by 10?
8
Calculate the remainder when 175 is divided by 55.
10
What is the remainder when 786 is divided by 8?
2
What is the remainder when 40255 is divided by 40228?
27
Calculate the remainder when 378 is divided by 133.
112
Calculate the remainder when 155395 is divided by 925.
920
What is the remainder when 30224 is divided by 190?
14
What is the remainder when 32546 is divided by 1128?
962
What is the remainder when 14953 is divided by 14221?
732
What is the remainder when 139499 is divided by 750?
749
What is the remainder when 13197 is divided by 236?
217
Calculate the remainder when 571 is divided by 471.
100
Calculate the remainder when 3840 is divided by 742.
130
What is the remainder when 807104 is divided by 17?
12
Calculate the remainder when 641358 is divided by 582.
576
Calculate the remainder when 361458 is divided by 71.
68
What is the remainder when 75457 is divided by 450?
307
What is the remainder when 21076 is divided by 2634?
4
What is the remainder when 376240 is divided by 39?
7
Calculate the remainder when 42903 is divided by 15.
3
Calculate the remainder when 545 is divided by 27.
5
Calculate the remainder when 106764 is divided by 56.
28
What is the remainder when 31558 is divided by 10478?
124
What is the remainder when 39955 is divided by 39939?
16
What is the remainder when 8081525 is divided by 586?
585
What is the remainder when 16645 is divided by 8216?
213
Calculate the remainder when 787 is divided by 602.
185
Calculate the remainder when 44044 is divided by 165.
154
What is the remainder when 52622 is divided by 136?
126
Calculate the remainder when 3564 is divided by 473.
253
What is the remainder when 4330 is divided by 704?
106
Calculate the remainder when 6988 is divided by 465.
13
Calculate the remainder when 71 is divided by 16.
7
Calculate the remainder when 2236 is divided by 461.
392
What is the remainder when 45895 is divided by 233?
227
What is the remainder when 9043 is divided by 6?
1
Calculate the remainder when